 Let k be o(-4). Let r be ((-9)/24*-2)/((-12)/96) + 194. Let d = r + k. List the prime factors of d.
2, 7
Suppose 2*c + 1 = -t, 1 = -3*c + t - 3. What are the prime factors of (-2 - c) + -4*3998/(-8)?
2, 3, 37
List the prime factors of (-95)/(-570) + 551409/18.
2, 17, 53
List the prime factors of (-105366)/(-2)*((-5)/3 - -1)/(-2).
17, 1033
Let m(s) = -2*s**3 + s**2 + 9*s - 8. Let g be m(3). Suppose -2*c = -3*j - 133 - 14, c = 0. Let n = g - j. List the prime factors of n.
23
Suppose 0 = 2*m + 8*m - 40. Let h(q) = -130*q + 41. Let w be h(m). Let a = w + 724. What are the prime factors of a?
5, 7
Suppose -3*z + 4*j = -23231 - 22699, -z - 2*j + 15300 = 0. List the prime factors of z.
2, 3, 2551
Let m = 10 + -5. What are the prime factors of (-3)/m - (-9 + 7930/(-50))?
167
Let u(k) = -54*k**2 + 16*k - 58. Let j be u(3). Let d = 544 + j. List the prime factors of d.
2, 3
Suppose -4*d - 57703 = -5*p, -18311 = -3*p + d + 16315. List the prime factors of p.
7, 17, 97
Suppose -2*d + 3963 = -3*i, -43*i + 5943 = 3*d - 48*i. List the prime factors of d.
2, 3, 331
Let x(z) = 233*z**3 - 11*z - 2 + 2*z**2 - 232*z**3 + 15. What are the prime factors of x(4)?
5, 13
Suppose -9*l + 8*l + 810 = 0. Let j = l + 23. What are the prime factors of j?
7, 17
Let m(i) = 5691*i + 11. What are the prime factors of m(2)?
11393
Let w = 33 - 31. Suppose -w*c = 2*i - 18, -3*i = c - 6*c + 37. List the prime factors of (0/(-4))/(-3) + c.
2
Let t(y) = -32*y. Let i be t(-2). Let r be 11/2 + 54/(-36). Suppose r*z = -3*x + 257, 2*x - i = 5*z + 115. List the prime factors of x.
3, 29
Suppose 30*o = 48*o - 53568. Suppose -26*y + 30*y = o. List the prime factors of y.
2, 3, 31
Suppose 10*v - 11*v - 4*u + 19 = 0, v + 5 = 2*u. List the prime factors of (v/(-4))/((-162)/105192).
487
Let t(r) = 28*r**3 - 5*r**2 + 9*r - 2. Suppose 0 = 2*j + 4*q, 5*j - q - 3 = 19. Suppose i - 14 = -3*i - 2*b, j*i + 4*b = 20. List the prime factors of t(i).
2, 5, 11
Let t(k) = -1778*k - 2323. List the prime factors of t(-12).
19013
Suppose 3*u + u + 512 = 0. Suppose -j - 56 = 33. Let a = j - u. List the prime factors of a.
3, 13
Suppose 8*o - 41 + 9 = 0. What are the prime factors of ((-150)/(-8))/((-4)/(-576)*o)?
3, 5
Let u(o) = 90*o + 245. Let x be u(7). Let l = x + -89. List the prime factors of l.
2, 3, 131
Let m be -2*(4/5 - (-132)/(-15)). Let s(a) = -a**3 + 15*a**2 + 20*a - 24. Let d be s(m). Let b = 183 + d. What are the prime factors of b?
223
Suppose 0 = c - 3*v - 4217, -4*c + 8*c - v = 16890. What are the prime factors of c?
41, 103
Let o = 104647 + -43820. List the prime factors of o.
13, 4679
Let m(x) = -x**3 - 21*x**2 - 39*x - 7. Let j be m(-19). List the prime factors of (-1074)/(-8 - j/(-2)).
3, 179
Let k(c) = -167*c**3 - c**2 - 2*c - 1. Let x(p) = -4*p - 11 - p**3 + 7 + 4*p**2 + 3. Let j be x(2). List the prime factors of k(j).
167
What are the prime factors of 35/(-175) - (-99652)/10?
5, 1993
Let s be ((-204)/1)/4*-1. Suppose s*h = 38*h + 2249. List the prime factors of h.
173
Let q = -450 + 447. List the prime factors of (-1 + q - -5) + 894.
5, 179
Suppose -4*i + o + 308 = 0, -5*o + 368 = 5*i - 2*o. Let b = i - 60. What are the prime factors of (b/10 - 0)/(68/9010)?
2, 53
Let g(j) = j**3 - 44*j**2 + 99*j - 2. Let t be g(42). Let s = 186 + t. What are the prime factors of s?
2, 11, 37
Let f(x) = -2*x**3 - 10*x**2 + 8*x - 2. Let z be f(-8). Let v = 394 + z. List the prime factors of v.
2, 89
Suppose 2*g + 38*p - 42*p - 52570 = 0, 3*g - 78850 = 5*p. List the prime factors of g.
5, 1051
Let v(b) = b**3 - b**2 - 3. Let w be v(0). List the prime factors of w/4*(-283 - -7).
3, 23
Suppose -31*b = 4*b - 25865. Let f = -244 + b. List the prime factors of f.
3, 5, 11
Let f = -89 + 90. Let q be (-346)/3 - f/(-3). Let d = 61 - q. What are the prime factors of d?
2, 11
Let c(o) be the second derivative of 15*o**3/2 - 65*o**2/2 - 61*o. List the prime factors of c(6).
5, 41
Let j = 105 + -105. Suppose 4*f - 2399 = -f - q, j = 4*f - q - 1912. List the prime factors of f.
479
Suppose 0 = -174*g + 572745 + 459597. List the prime factors of g.
17, 349
Let k be 12/(-438) + 2431/803. Let q be 0 + (1 - 0) + 4. Suppose q = -5*v, -k*o - v - 119 = -607. What are the prime factors of o?
163
Suppose -5*m = 28 - 28. Suppose m = -51*s + 52*s - 19. Let u = 62 + s. List the prime factors of u.
3
Let b(s) = -2*s**3 + 6*s**2 - 4*s + 10. Let n be b(4). Let w = -34 - n. Suppose -4*v - 311 = -5*g + 180, -w*v - 293 = -3*g. List the prime factors of g.
3, 11
Let r(d) = -1142*d + 605. What are the prime factors of r(-3)?
29, 139
Let v = -21972 + 31731. What are the prime factors of v?
3, 3253
Let j(p) = -17*p - 21. Let z(r) = -17*r - 21. Let t(d) = 3*j(d) - 2*z(d). List the prime factors of t(-12).
3, 61
Suppose 5*h + k - 18070 = 0, 0*k - 2*k = h - 3623. What are the prime factors of h?
3613
Let b = 32 + 120. Suppose -6*i + 7*i - b = 0. List the prime factors of i.
2, 19
List the prime factors of 42/441 - 336584/(-42).
2, 4007
Let j be 1 - (-1434 + (-2 - 4)). Let q = 2039 - j. List the prime factors of q.
2, 13, 23
What are the prime factors of (-96)/(-80)*-10 - -1357?
5, 269
Suppose 7*i + 44 = -19. Let s(k) = -29*k + 49. List the prime factors of s(i).
2, 5, 31
Let q = 31 - 51. Let a = -16 - q. Suppose -490 = -a*c - z - z, -z - 5 = 0. List the prime factors of c.
5
Suppose 0 = -3*u + x + 216, 5*u - x - 187 = 175. Suppose 0 = -a - 4*b - u, -2*b = a + 44 + 37. Let r = a - -152. List the prime factors of r.
3, 7
Suppose 34 = -4*l - 38. Let w = -4124 - -1330. List the prime factors of 46/(-207) + w/l.
5, 31
Let b = -493 - -573. What are the prime factors of 1349 - 8/(b/30)?
2, 673
Let z(j) = 9*j**2 - 17*j + 521. List the prime factors of z(-39).
107, 139
What are the prime factors of ((-42)/(-21) - (1 + 10))/(90/(-143580))?
2, 3, 2393
Let d(y) = 3*y**3 - 14*y**2 + 7*y - 38. List the prime factors of d(6).
2, 37
Let t = -2905 + 4108. Suppose -t = -4*j + 249. What are the prime factors of j?
3, 11
Let m = 505 - 508. Suppose -h = -0*h - 1. What are the prime factors of ((-1070)/30)/(h/m)?
107
What are the prime factors of (-74)/185*(-10)/6 - 76694/(-6)?
3, 4261
Suppose 9*g + 117*g = -23*g + 1796493. What are the prime factors of g?
3, 4019
Let x(k) = -203*k + 11. Let r be x(3). Let w = -375 - r. What are the prime factors of w?
223
Suppose n = -4*h + 20, 2*h + 5*n - n + 4 = 0. Suppose w + 16 = h. Let b(p) = p**3 + 10*p**2 + 19. What are the prime factors of b(w)?
19
Let h(f) be the first derivative of -f**4/24 + 13*f**3/6 + 11*f**2/2 - 15. Let c(k) be the second derivative of h(k). List the prime factors of c(11).
2
Let u be (-6)/(3 - (-25)/(-10) - -1). What are the prime factors of (-74 + u)*10/(-5)?
2, 3, 13
Suppose 2*p + 0*p + 3024 = 5*z, -2*z + 2*p + 1212 = 0. Let f(l) = -2*l**3 + 32*l**2 - 3*l - 9. Let n be f(15). Let w = z - n. What are the prime factors of w?
2, 13
Let p(h) = -h**2 + 16*h + 5. Suppose -86 = -4*f + 50. Let y = f - 21. What are the prime factors of p(y)?
2, 11
Suppose 0 = -898*n + 895*n - p + 129955, -43319 = -n - p. List the prime factors of n.
2, 11, 179
Let i = 19885 - 11457. What are the prime factors of i?
2, 7, 43
Let j(w) = w**3 - 20*w**2 + w - 16. Let s be j(20). What are the prime factors of (2 + 91)*-1*(s - 5)?
3, 31
Let u = 983 + 3372. Suppose 4*f + 1447 = u. Suppose -9*z = -632 - f. What are the prime factors of z?
151
Let j(b) = 5*b**3 - 2*b**2 - 4*b + 3. Let m(y) = -y**2 + 11*y + 15. Let l be m(12). Let n be j(l). Let r = 237 - n. List the prime factors of r.
3, 43
Let h be (-1)/(-5) + (-28)/(-10). Let m(l) = -4*l + l**3 + 5*l**3 - 4*l**h - 17 + 20 + 3*l**2. List the prime factors of m(2).
23
Let x = 419 + 128. Suppose -6*y + 1253 = -x. List the prime factors of y.
2, 3, 5
Let h = -47 - -49. Let c = h - 28. Let b = -6 - c. What are the prime factors of b?
2, 5
Let j be (25/2)/((-35)/(-3850)). Let q = j + -859. List the prime factors of q.
2, 3, 43
Suppose 25533 = 3*g - 3*y, 10289 = 3*g + 3*y - 15226. What are the prime factors of g?
2, 3, 709
Let s(b) = -25*b - 6*b**2 - 2*b**2 - 18 + 3*b**2 - 8*b**2 + 6*b**3 - 7*b**3. What are the prime factors of s(-13)?
307
Let q = -10748 + 48284. What are the prime factors of q?
2, 3, 17, 23
Let n(l) be the second derivative of -l**5/4 - l**4/2 - 3*l**3/2 - 4*